inder when 695014 is divided by 126.
124
Calculate the remainder when 9230246 is divided by 135.
26
What is the remainder when 44786698 is divided by 1591?
48
What is the remainder when 5035790 is divided by 600?
590
What is the remainder when 797521 is divided by 12659?
4
Calculate the remainder when 360849 is divided by 1941.
1764
Calculate the remainder when 18622 is divided by 4334.
1286
What is the remainder when 9412962 is divided by 737?
735
Calculate the remainder when 121864 is divided by 5430.
2404
What is the remainder when 8909411 is divided by 1431?
5
Calculate the remainder when 13049077 is divided by 157.
22
Calculate the remainder when 1067595 is divided by 118621.
6
What is the remainder when 171915 is divided by 1397?
84
Calculate the remainder when 1655996 is divided by 2865.
26
What is the remainder when 323089 is divided by 13?
0
What is the remainder when 61480156 is divided by 141?
67
What is the remainder when 421254 is divided by 212?
10
What is the remainder when 86897 is divided by 7864?
393
What is the remainder when 31686 is divided by 1769?
1613
What is the remainder when 530580 is divided by 81?
30
Calculate the remainder when 24956328 is divided by 138.
132
What is the remainder when 126530025 is divided by 140?
125
What is the remainder when 1239049 is divided by 55?
9
Calculate the remainder when 2839272 is divided by 495.
447
What is the remainder when 2636 is divided by 768?
332
Calculate the remainder when 659614 is divided by 1049.
842
Calculate the remainder when 2371447 is divided by 43.
40
Calculate the remainder when 1256852 is divided by 773.
727
What is the remainder when 11897 is divided by 2371?
42
Calculate the remainder when 223658184 is divided by 63.
57
What is the remainder when 2463201 is divided by 739?
114
What is the remainder when 121207 is divided by 2324?
359
What is the remainder when 2879382 is divided by 14919?
15
What is the remainder when 1093967 is divided by 8287?
83
Calculate the remainder when 2046915 is divided by 1171.
7
What is the remainder when 1093076 is divided by 1014?
998
Calculate the remainder when 52710 is divided by 7481.
343
Calculate the remainder when 298166 is divided by 7833.
512
What is the remainder when 1322332 is divided by 165177?
916
What is the remainder when 651902 is divided by 14890?
11632
Calculate the remainder when 15180970 is divided by 7590443.
84
What is the remainder when 67316490 is divided by 8?
2
Calculate the remainder when 167881 is divided by 41725.
981
What is the remainder when 23230821 is divided by 11?
9
Calculate the remainder when 4211260 is divided by 3021.
3007
What is the remainder when 20451267 is divided by 13?
5
Calculate the remainder when 943377 is divided by 314395.
192
What is the remainder when 103447 is divided by 4020?
2947
What is the remainder when 883122 is divided by 18?
6
Calculate the remainder when 3156885 is divided by 552.
549
Calculate the remainder when 391621 is divided by 5845.
6
What is the remainder when 13023947 is divided by 121?
112
What is the remainder when 338584 is divided by 8258?
6
Calculate the remainder when 512883 is divided by 746.
381
What is the remainder when 1585168 is divided by 170?
88
What is the remainder when 2911377 is divided by 2194?
2133
What is the remainder when 57272982 is divided by 389?
123
What is the remainder when 111937 is divided by 123?
7
Calculate the remainder when 66476207 is divided by 33238097.
13
Calculate the remainder when 15302130 is divided by 329.
11
What is the remainder when 2556932 is divided by 17511?
326
Calculate the remainder when 4306286 is divided by 163.
152
Calculate the remainder when 1500618 is divided by 408.
402
What is the remainder when 9282592 is divided by 94?
92
Calculate the remainder when 573667 is divided by 286375.
917
What is the remainder when 1211278 is divided by 80722?
448
What is the remainder when 1969588 is divided by 4036?
20
What is the remainder when 159330639 is divided by 5690379?
27
Calculate the remainder when 3330010 is divided by 1024.
986
Calculate the remainder when 1440990 is divided by 965.
245
Calculate the remainder when 113565 is divided by 2100.
165
What is the remainder when 1233030 is divided by 1367?
1363
Calculate the remainder when 1073456 is divided by 2909.
35
Calculate the remainder when 75872 is divided by 3295.
87
What is the remainder when 9857 is divided by 580?
577
Calculate the remainder when 141109 is divided by 5.
4
What is the remainder when 530044038 is divided by 521?
520
Calculate the remainder when 355579771 is divided by 3.
1
Calculate the remainder when 890897 is divided by 521.
508
What is the remainder when 1369484 is divided by 1598?
1596
What is the remainder when 100461 is divided by 51?
42
What is the remainder when 1908144 is divided by 7?
0
What is the remainder when 61317 is divided by 248?
61
Calculate the remainder when 2039789 is divided by 29.
16
What is the remainder when 2969940 is divided by 38?
12
What is the remainder when 2483408 is divided by 2970?
488
What is the remainder when 1480375 is divided by 1480360?
15
What is the remainder when 22155 is divided by 2146?
695
Calculate the remainder when 5572602 is divided by 3060.
342
Calculate the remainder when 53563328 is divided by 552.
8
What is the remainder when 122621 is divided by 12258?
41
Calculate the remainder when 84342 is divided by 1669.
892
What is the remainder when 1358705 is divided by 561?
524
Calculate the remainder when 12174857 is divided by 3916.
13
What is the remainder when 29837 is divided by 5906?
307
What is the remainder when 5413508 is divided by 45?
8
What is the remainder when 158738 is divided by 170?
128
Calculate the remainder when 227013 is divided by 1924.
1905
What is the remainder when 210077166 is divided by 5432?
5430
Calculate the remainder when 30644 is divided by 15197.
250
What is the remainder when 994225 is divided by 248495?
245
Calculate the remainder when 796139 is divided by 1505.
1499
What is the remainder when 8550218 is divided by 502942?
204
Calculate the remainder when 378602 is divided by 7142.
76
Calculate the remainder when 16814 is divided by 7634.
1546
Calculate the remainder when 387225597 is divided by 320.
317
Calculate the remainder when 501073 is divided by 405.
88
Calculate the remainder when 8522821 is divided by 157830.
1
What is the remainder when 236008717 is divided by 10261248?
13
What is the remainder when 3848357 is divided by 3848323?
34
What is the remainder when 525137 is divided by 5053?
4678
What is the remainder when 95291 is divided by 1698?
203
What is the remainder when 135777 is divided by 2717?
2644
What is the remainder when 1516739 is divided by 758230?
279
Calculate the remainder when 296381 is divided by 256.
189
Calculate the remainder when 1179177 is divided by 4553.
4503
Calculate the remainder when 240578 is divided by 16028.
158
Calculate the remainder when 82337143 is divided by 414.
409
Calculate the remainder when 258879 is divided by 1055.
404
What is the remainder when 690837 is divided by 40634?
59
Calculate the remainder when 341011101 is divided by 3936.
3933
What is the remainder when 44369 is divided by 3027?
1991
What is the remainder when 112880776 is divided by 4220?
4216
What is the remainder when 2244167 is divided by 1122021?
125
What is the remainder when 15009213 is divided by 2186?
137
Calculate the remainder when 6114618 is divided by 96.
90
What is the remainder when 599821 is divided by 536?
37
Calculate the remainder when 44613443 is divided by 1573.
17
Calculate the remainder when 287013 is divided by 10628.
57
What is the remainder when 161898 is divided by 40464?
42
What is the remainder when 35531 is divided by 5050?
181
What is the remainder when 4934980 is divided by 5508?
5320
What is the remainder when 37871698 is divided by 2050?
2048
Calculate the remainder when 77267362 is divided by 4062.
4060
Calculate the remainder when 55592 is divided by 53162.
2430
Calculate the remainder when 24942 is divided by 8134.
540
What is the remainder when 228627 is divided by 37915?
1137
Calculate the remainder when 2281344 is divided by 1005.
999
Calculate the remainder when 5069089 is divided by 25.
14
Ca